{"id":873,"date":"2016-01-12T04:45:29","date_gmt":"2016-01-12T09:45:29","guid":{"rendered":"http:\/\/apero.co\/rfl\/?page_id=873"},"modified":"2018-01-30T04:20:30","modified_gmt":"2018-01-30T04:20:30","slug":"le-role-de-la-proche-aidante","status":"publish","type":"page","link":"http:\/\/femmeslaurentides.org\/acef\/le-role-de-la-proche-aidante\/","title":{"rendered":"Le r\u00f4le de la proche aidante"},"content":{"rendered":"<p>\t\t\t\t<img loading=\"lazy\" src=\"http:\/\/femmeslaurentides.org\/acef\/wp-content\/uploads\/2018\/01\/bandeau5.png\" alt=\"bandeau5\" itemprop=\"image\" height=\"206\" width=\"1310\"  \/><\/p>\n<h4>\n\t\tSant\u00e9 des femmes<br \/>\n\t<\/h4>\n<h2>\n\t\tLe r\u00f4le de la proche aidante<br \/>\n\t<\/h2>\n<p>\t\t\t\t<img loading=\"lazy\" src=\"http:\/\/femmeslaurentides.org\/acef\/wp-content\/uploads\/2017\/10\/logo_SGSPA_Laurentides.jpg\" alt=\"logo_SGSPA_Laurentides\" itemprop=\"image\" height=\"101\" width=\"400\"  \/><\/p>\n<h3>Annick Letarte \u2022 Conseill\u00e8re aux proches aidants, L\u2019Appui Laurentides pour les proches aidants d\u2019a\u00een\u00e9s<\/h3>\n<p>L\u2019Appui Laurentides a pour mission de contribuer \u00e0 l\u2019am\u00e9lioration de la qualit\u00e9 de vie des proches aidants d\u2019a\u00een\u00e9s, principalement par le soutien \u00e0 la mobilisation et \u00e0 l\u2019engagement individuel et collectif des acteurs locaux et r\u00e9gionaux.<\/p>\n<p>En 2013, dans les Laurentides, on comptait 26 \u00a0143 personnes qui offraient cinq heures et plus de services \u00e0 une personne a\u00een\u00e9e. Plus de 65 % \u00e9taient des femmes.<\/p>\n<p>Les proches aidantes sont des m\u00e8res, des filles, des conjointes, des travailleuses qui, en plus de leurs occupations quotidiennes (travail, famille, \u00e9tudes\u2026), prennent soin d\u2019une personne proche en perte d\u2019autonomie ou malade. \u00c0 force de jongler avec tous ces r\u00f4les, elles en arrivent souvent \u00e0 s\u2019oublier elles-m\u00eames. Par ailleurs, on constate g\u00e9n\u00e9ralement qu\u2019elles ne se reconnaissent pas comme proche aidante. Combien de fois entend-on : \u00ab Moi, proches aidantes? Mais non, c\u2019est mon p\u00e8re, c\u2019est normal que je l\u2019aide \u00bb.<\/p>\n<p>Tr\u00e8s valorisant, le r\u00f4le de proche aidante est toutefois exigeant, et parfois m\u00eame d\u00e9routant, parce que plusieurs changements surviennent dans la vie de ces derni\u00e8res. Les t\u00e2ches se multiplient, l\u2019inqui\u00e9tude concernant l\u2019\u00e9tat de sant\u00e9 de la personne aid\u00e9e devient envahissante et, n\u00e9cessairement, le temps pour soi se fait plus rare. De tels bouleversements engendrent \u00e9galement plusieurs \u00e9motions, parfois contradictoires : culpabilit\u00e9, peine, col\u00e8re, mais aussi joie, fiert\u00e9\u2026 Il nous faut alors reconna\u00eetre ces \u00e9motions, mais surtout, nous autoriser \u00e0 les vivre. Il importe de savoir que le r\u00f4le de proche aidante peut avoir des effets \u00e0 la fois positifs et n\u00e9gatifs, tant sur notre sant\u00e9 physique que mentale et financi\u00e8re.<\/p>\n<p>Heureusement, au cours des derni\u00e8res ann\u00e9es, une multitude de services de soutien se sont d\u00e9velopp\u00e9s: services de r\u00e9pit, groupes d\u2019entraide, soutien psychosocial individualis\u00e9, aide pour l\u2019entretien m\u00e9nager, formations et autres.\u00a0Dans le contexte d\u00e9mographique actuel, le r\u00f4le des proches aidantes est appel\u00e9 \u00e0 prendre de plus en plus de place. Il est donc primordial de conna\u00eetre les moyens de s\u2019y pr\u00e9parer et de pr\u00e9venir l\u2019\u00e9puisement.<\/p>\n<p>S\u2019il y avait un seul message \u00e0 transmettre aux proches aidantes, ce serait d\u2019aller chercher de l\u2019aide, que ce soit aupr\u00e8s de la famille, des amis, des ressources publiques, communautaires ou priv\u00e9es. Des personnes sont l\u00e0 pour \u00e9couter, informer et r\u00e9f\u00e9rer.<\/p>\n<ul>\n<li>\n\t\t\t<\/li>\n<\/ul>\n<header>\n<h3><strong>LES RESSOURCES<\/strong><\/h3>\n<\/header>\n<p><a href=\"http:\/\/www.lappui.org\/\" target=\"_blank\" rel=\"noopener\">www.lappui.org<\/a><\/p>\n<p><a href=\"http:\/\/www.aidant.ca\/\" target=\"_blank\" rel=\"noopener\">http:\/\/www.aidant.ca\/<\/a><\/p>\n<p>Ligne Info-aidant au 1 855 852-7784<\/p>\n<p><a href=\"http:\/\/reseauentreaidants.com\/\" target=\"_blank\" rel=\"noopener\">http:\/\/reseauentreaidants.com\/<\/a><\/p>\n<h3><strong>FAITS SAILLANTS<\/strong><\/h3>\n<p>La femme a souvent le r\u00f4le de proche aidante. En plus de travailler et veiller aux besoins de la famille, elle doit s\u2019occuper d\u2019une personne malade ou en perte d\u2019autonomie.<\/p>\n<p>La multiplication de ces r\u00f4les am\u00e8ne la femme \u00e0 s\u2019oublier et \u00e0 mettre sa sant\u00e9 physique, \u00e9motive et mentale en danger.<\/p>\n<p>La cl\u00e9 du succ\u00e8s est de reconna\u00eetre qu\u2019il est impossible de tout faire, demander de l\u2019aide et en parler!<\/p>\n<p>L\u2019Appui Laurentides est un organisme qui soutient les proches aidants.<\/p>\n<h3><strong>VID\u00c9O<\/strong><\/h3>\n<p>\t<iframe src=\"https:\/\/player.vimeo.com\/video\/152519464\" width=\"500\" height=\"281\" frameborder=\"0\" title=\"Aidants naturels\" webkitallowfullscreen mozallowfullscreen allowfullscreen><\/iframe><br \/>\n\t\t\t\t<img loading=\"lazy\" src=\"http:\/\/femmeslaurentides.org\/acef\/wp-content\/uploads\/2017\/10\/partenaires.png\" alt=\"partenaires\" itemprop=\"image\" height=\"295\" width=\"886\"  \/><\/p>\n","protected":false},"excerpt":{"rendered":"<p>Sant\u00e9 des femmes Le r\u00f4le de la proche aidante Annick Letarte \u2022 Conseill\u00e8re aux proches aidants, L\u2019Appui Laurentides pour les proches aidants d\u2019a\u00een\u00e9s L\u2019Appui Laurentides a pour mission de contribuer \u00e0 l\u2019am\u00e9lioration de la qualit\u00e9 de vie des proches aidants d\u2019a\u00een\u00e9s, principalement par le soutien \u00e0 la mobilisation et \u00e0 l\u2019engagement individuel et collectif des&hellip;<\/p>\n","protected":false},"author":1,"featured_media":0,"parent":0,"menu_order":0,"comment_status":"closed","ping_status":"closed","template":"","meta":[],"_links":{"self":[{"href":"http:\/\/femmeslaurentides.org\/acef\/wp-json\/wp\/v2\/pages\/873"}],"collection":[{"href":"http:\/\/femmeslaurentides.org\/acef\/wp-json\/wp\/v2\/pages"}],"about":[{"href":"http:\/\/femmeslaurentides.org\/acef\/wp-json\/wp\/v2\/types\/page"}],"author":[{"embeddable":true,"href":"http:\/\/femmeslaurentides.org\/acef\/wp-json\/wp\/v2\/users\/1"}],"replies":[{"embeddable":true,"href":"http:\/\/femmeslaurentides.org\/acef\/wp-json\/wp\/v2\/comments?post=873"}],"version-history":[{"count":1,"href":"http:\/\/femmeslaurentides.org\/acef\/wp-json\/wp\/v2\/pages\/873\/revisions"}],"predecessor-version":[{"id":1429,"href":"http:\/\/femmeslaurentides.org\/acef\/wp-json\/wp\/v2\/pages\/873\/revisions\/1429"}],"wp:attachment":[{"href":"http:\/\/femmeslaurentides.org\/acef\/wp-json\/wp\/v2\/media?parent=873"}],"curies":[{"name":"wp","href":"https:\/\/api.w.org\/{rel}","templated":true}]}}