{"id":711,"date":"2016-01-05T08:13:35","date_gmt":"2016-01-05T13:13:35","guid":{"rendered":"http:\/\/apero.co\/rfl\/?page_id=711"},"modified":"2019-04-16T21:33:12","modified_gmt":"2019-04-16T21:33:12","slug":"accueil","status":"publish","type":"page","link":"https:\/\/femmeslaurentides.org\/acef\/","title":{"rendered":"Accueil"},"content":{"rendered":"\r\n<img loading=\"lazy\" src=\"http:\/\/femmeslaurentides.org\/acef\/wp-content\/uploads\/2018\/01\/bandeau5.png\" alt=\"bandeau5\" width=\"1310\" height=\"206\" \/>\r\n<h3>Bienvenue sur le site des Actes du congr\u00e8s Empreintes de femmes!<\/h3>\r\nNous sommes fi\u00e8res de vous pr\u00e9senter \u00abl\u2019exp\u00e9rience congr\u00e8s\u00bb en documents, en photos et en vid\u00e9os!\r\n\r\nVous trouverez une foule d\u2019informations sur la condition f\u00e9minine dans les Laurentides et les conclusions que les congressistes en ont tir\u00e9.\r\n\r\nAu travers du site, vous trouverez \u00e9galement des extraits vid\u00e9o et photo des moments v\u00e9cus lors de ces deux journ\u00e9es.\r\n\r\nProfitez de l\u2019occasion pour consulter et t\u00e9l\u00e9charger le <strong><a style=\"color: #e66903;\" href=\"http:\/\/www.femmeslaurentides.org\/wp-content\/uploads\/2014\/11\/RFL_magazine_congres.pdf\" target=\"_blank\" rel=\"noopener noreferrer\">Magazine Empreintes de femmes<\/a><\/strong>, un outil de r\u00e9f\u00e9rences d\u00e9bordant d\u2019informations!\r\n\r\nBonne visite!\r\n\r\n<iframe title=\"Congr\u00e8s Empreintes de femmes - R\u00e9seau des femmes des Laurentides\" src=\"https:\/\/player.vimeo.com\/video\/124919469\" width=\"500\" height=\"281\" frameborder=\"0\" allowfullscreen=\"allowfullscreen\"><\/iframe>\r\n<img loading=\"lazy\" src=\"http:\/\/femmeslaurentides.org\/acef\/wp-content\/uploads\/2017\/10\/partenaires.png\" alt=\"partenaires\" width=\"886\" height=\"295\" \/>\r\n","protected":false},"excerpt":{"rendered":"<p>Bienvenue sur le site des Actes du congr\u00e8s Empreintes de femmes! Nous sommes fi\u00e8res de vous pr\u00e9senter \u00abl\u2019exp\u00e9rience congr\u00e8s\u00bb en documents, en photos et en vid\u00e9os! Vous trouverez une foule d\u2019informations sur la condition f\u00e9minine dans les Laurentides et les conclusions que les congressistes en ont tir\u00e9. Au travers du site, vous trouverez \u00e9galement des&hellip;<\/p>\n","protected":false},"author":1,"featured_media":0,"parent":0,"menu_order":0,"comment_status":"closed","ping_status":"closed","template":"","meta":[],"_links":{"self":[{"href":"https:\/\/femmeslaurentides.org\/acef\/wp-json\/wp\/v2\/pages\/711"}],"collection":[{"href":"https:\/\/femmeslaurentides.org\/acef\/wp-json\/wp\/v2\/pages"}],"about":[{"href":"https:\/\/femmeslaurentides.org\/acef\/wp-json\/wp\/v2\/types\/page"}],"author":[{"embeddable":true,"href":"https:\/\/femmeslaurentides.org\/acef\/wp-json\/wp\/v2\/users\/1"}],"replies":[{"embeddable":true,"href":"https:\/\/femmeslaurentides.org\/acef\/wp-json\/wp\/v2\/comments?post=711"}],"version-history":[{"count":10,"href":"https:\/\/femmeslaurentides.org\/acef\/wp-json\/wp\/v2\/pages\/711\/revisions"}],"predecessor-version":[{"id":1441,"href":"https:\/\/femmeslaurentides.org\/acef\/wp-json\/wp\/v2\/pages\/711\/revisions\/1441"}],"wp:attachment":[{"href":"https:\/\/femmeslaurentides.org\/acef\/wp-json\/wp\/v2\/media?parent=711"}],"curies":[{"name":"wp","href":"https:\/\/api.w.org\/{rel}","templated":true}]}}